0
Calculate the greatest common divisor of 7901923 and 289.
17
What is the highest common factor of 54456 and 714?
6
What is the greatest common factor of 110166 and 194163?
183
What is the highest common divisor of 88281778 and 2886?
962
What is the highest common divisor of 7010280 and 1080?
1080
Calculate the greatest common factor of 76 and 6907526.
38
What is the greatest common divisor of 45 and 6886797345?
45
What is the highest common factor of 176 and 2531344?
16
Calculate the greatest common factor of 6474108 and 12.
12
Calculate the highest common divisor of 11599896 and 1056.
264
What is the highest common factor of 4214 and 557767?
49
Calculate the greatest common divisor of 94890327 and 2422.
1211
What is the greatest common factor of 68949 and 140436?
423
Calculate the highest common divisor of 32820406 and 111.
37
What is the highest common factor of 1788 and 12200418?
894
What is the greatest common divisor of 3451 and 2232083?
119
What is the highest common divisor of 830 and 143949805?
415
Calculate the highest common divisor of 22293 and 2784148.
2477
Calculate the highest common factor of 24141750 and 300.
150
What is the highest common factor of 5956106 and 91?
13
Calculate the highest common divisor of 501 and 9391579.
167
Calculate the greatest common factor of 4196 and 73398530.
2098
Calculate the greatest common divisor of 44 and 37259233.
11
What is the greatest common divisor of 773560 and 2038480?
3320
What is the greatest common factor of 4 and 3459488?
4
Calculate the greatest common factor of 20 and 19387180.
20
What is the greatest common factor of 14686308 and 180?
36
Calculate the highest common factor of 3220412 and 214937.
3643
What is the highest common divisor of 918 and 32434776?
918
What is the greatest common factor of 140 and 18913846?
14
Calculate the highest common factor of 1361352 and 951.
3
What is the highest common factor of 1524 and 97968?
12
Calculate the greatest common factor of 66420 and 3389310.
270
What is the greatest common divisor of 113951 and 1343?
17
What is the greatest common divisor of 1082400 and 97800?
600
Calculate the highest common factor of 11626100 and 1429525.
5275
Calculate the highest common factor of 96 and 78459468.
12
What is the greatest common divisor of 24 and 10383900?
12
Calculate the highest common divisor of 320808832 and 124.
124
Calculate the highest common divisor of 49247 and 1269026.
407
What is the highest common divisor of 18160 and 93640?
40
Calculate the highest common divisor of 435 and 782679.
3
What is the highest common divisor of 81474282 and 493?
29
Calculate the greatest common divisor of 783 and 1013130.
9
What is the highest common divisor of 162597138 and 54?
6
What is the highest common divisor of 2424789576 and 1881?
1881
What is the highest common factor of 2562 and 19428744?
366
What is the greatest common divisor of 26 and 75443953?
13
Calculate the highest common factor of 253084 and 6014.
62
What is the highest common factor of 10838844 and 180?
36
What is the highest common divisor of 148 and 1559267986?
74
What is the greatest common divisor of 626 and 856445937?
313
Calculate the greatest common divisor of 21247124 and 45844.
628
What is the greatest common divisor of 1396716 and 32?
4
Calculate the highest common factor of 557 and 7549021.
557
Calculate the greatest common factor of 1665 and 213283725.
555
Calculate the greatest common divisor of 4274505 and 4320.
135
What is the greatest common factor of 226 and 355361270?
226
Calculate the highest common factor of 144 and 1317402.
18
Calculate the highest common divisor of 39047655 and 731.
43
Calculate the highest common divisor of 2576 and 12579896.
1288
What is the highest common factor of 4229918 and 227?
227
Calculate the highest common divisor of 275670493 and 497.
497
Calculate the highest common divisor of 84 and 3732609.
3
What is the highest common factor of 159660 and 2010?
30
What is the greatest common factor of 242570 and 20007250?
1910
What is the highest common divisor of 33553 and 16975237?
2581
What is the highest common divisor of 2220382 and 53?
53
Calculate the greatest common factor of 18625 and 16688.
149
What is the highest common factor of 54033865 and 1165?
1165
Calculate the greatest common factor of 43473 and 13502.
43
Calculate the greatest common divisor of 65204059 and 73631.
2539
What is the greatest common divisor of 7588 and 127347507?
1897
Calculate the highest common divisor of 105080 and 3600.
40
What is the highest common divisor of 10925084 and 8?
4
What is the greatest common divisor of 130921 and 11424406?
413
Calculate the greatest common factor of 47646 and 274.
2
What is the greatest common divisor of 13930511 and 91?
7
What is the greatest common factor of 4825 and 222550?
25
Calculate the highest common factor of 812 and 12022588.
116
Calculate the highest common factor of 726863 and 39071.
89
Calculate the greatest common factor of 153 and 4749035.
17
Calculate the highest common factor of 189 and 2587347.
63
Calculate the greatest common factor of 3699317 and 10059.
479
Calculate the highest common factor of 36 and 118248.
12
What is the greatest common factor of 3133 and 92287?
13
Calculate the greatest common factor of 719453 and 581756.
553
What is the highest common factor of 8637216 and 4704?
672
What is the greatest common divisor of 7860048 and 240?
48
Calculate the greatest common divisor of 344 and 6908767.
43
Calculate the greatest common divisor of 231920 and 224432.
208
Calculate the greatest common divisor of 4029 and 178791141.
237
Calculate the highest common factor of 968 and 618189.
121
What is the greatest common factor of 18348 and 87024?
12
What is the highest common divisor of 1420660 and 1451790?
2830
What is the greatest common divisor of 7637316 and 11352?
516
Calculate the highest common divisor of 19174678 and 558.
62
Calculate the greatest common divisor of 8589360 and 1230.
30
What is the greatest common factor of 517641 and 4578?
327
What is the highest common factor of 51632 and 1893696?
112
What is the highest common factor of 73865 and 20234665?
4345
Calculate the highest common divisor of 24 and 11411436.
12
Calculate the greatest common divisor of 61277056 and 112.
16
Calculate the greatest common divisor of 54030 and 5581299.
5403
Calculate the highest common divisor of 14544 and 11323413.
909
Calculate the greatest common factor of 76600 and 21075.
25
Calculate the highest common divisor of 9919984 and 48.
16
Calculate the highest common divisor of 1564 and 8668516.
92
Calculate the highest common divisor of 125839507 and 5729.
337
Calculate the greatest common divisor of 993839 and 59.
1
What is the highest common factor of 284602275 and 405?
135
Calculate the highest common divisor of 11300960 and 381920.
1760
What is the highest common divisor of 82124 and 707272?
1676
What is the greatest common factor of 6769784 and 56?
56
Calculate the greatest common divisor of 4112 and 2732.
4
Calculate the highest common divisor of 4534307 and 516.
43
What is the greatest common divisor of 3546870 and 2360760?
5730
What is the greatest common divisor of 454 and 88303?
227
What is the greatest common factor of 299950 and 38150?
350
Calculate the highest common divisor of 48041294 and 28.
14
Calculate the greatest common divisor of 2846935 and 1599.
13
What is the greatest common factor of 38642 and 10286?
278
What is the highest common divisor of 360 and 40534632?
72
What is the highest common factor of 33 and 43701537?
33
What is the highest common divisor of 121703205 and 3?
3
What is the greatest common factor of 15 and 73616235?
15
Calculate the greatest common factor of 53946 and 4130514.
1458
What is the greatest common divisor of 272741 and 151669?
329
Calculate the highest common divisor of 1842396 and 276.
12
Calculate the greatest common divisor of 333 and 1130523.
3
Calculate the greatest common divisor of 24 and 3818502.
6
What is the greatest common factor of 156373 and 3448928?
623
What is the highest common factor of 217211646 and 3236?
1618
What is the greatest common divisor of 320448 and 80448?
192
What is the highest common divisor of 329125 and 1292803?
2633
What is the greatest 